{"id":826,"date":"2015-01-23T12:19:35","date_gmt":"2015-01-23T10:19:35","guid":{"rendered":"http:\/\/www.karen-susan-fessel.de\/wp-content\/uploads\/2011\/04\/Max-in-den-Wolken.jpg"},"modified":"2015-01-26T17:37:55","modified_gmt":"2015-01-26T15:37:55","slug":"max-in-den-wolken-3","status":"inherit","type":"attachment","link":"http:\/\/www.karen-susan-fessel.de\/index.php\/bibliografie\/max-in-den-wolken-3\/","title":{"rendered":"Max in den Wolken (Taschenbuchausgabe 2013)"},"author":2,"featured_media":0,"comment_status":"open","ping_status":"open","template":"","meta":[],"class_list":["post-826","attachment","type-attachment","status-inherit","hentry"],"description":{"rendered":"<p class=\"attachment\"><a href='http:\/\/www.karen-susan-fessel.de\/wp-content\/uploads\/2011\/04\/Max-in-den-Wolken.jpg'><img loading=\"lazy\" decoding=\"async\" width=\"159\" height=\"253\" src=\"http:\/\/www.karen-susan-fessel.de\/wp-content\/uploads\/2011\/04\/Max-in-den-Wolken.jpg\" class=\"attachment-medium size-medium\" alt=\"Max in den Wolken (ab 14, Taschenbuchausgabe, BOD 2013)\" sizes=\"auto, 100vw\" \/><\/a><\/p>\n<p>Eines Nachts wacht der 16j\u00e4hrige Max auf, weil seine Eltern tierisch laut streiten. Leider nichts Ungew\u00f6hnliches in letzter Zeit, aber diesmal klingt es anders &#8230; Max und seine kleine Schwester Mina bleiben vollkommen geschockt im T\u00fcrrahmen stehen, denn im Wohnzimmer steht ihr Vater, in der Hand eine Pistole, und zielt auf die Mutter &#8230; Ein Schuss f\u00e4llt, ein Mensch stirbt, und Max macht sich auf die Suche, herauszufinden, warum das passiert ist.<br \/>\nKrimi, Vater-Sohn- und Liebesgeschichte in einem &#8211; und nebenbei ein Buch \u00fcber die Suche nach m\u00e4nnlichen Vorbildern, das viel \u00fcber die Multi-Kulti-Stadt Berlin erz\u00e4hlt und noch dazu zur Toleranz gegen\u00fcber Schwulen auffordert.<br \/>\nAtmosph\u00e4risch dicht und spannend bis zur letzten Seite!<\/p>\n<p>BOD 2013, \u00fcberarbeitete Taschenbuchausgabe, 13,90 \u20ac<br \/>\nAuch als E-Book erh\u00e4ltlich!<\/p>\n"},"caption":{"rendered":"<p>Max in den Wolken (ab 14, Taschenbuchausgabe, BOD 2013)<\/p>\n"},"alt_text":"Max in den Wolken (ab 14, Taschenbuchausgabe, BOD 2013)","media_type":"image","mime_type":"image\/jpeg","media_details":{"width":159,"height":253,"file":"2011\/04\/Max-in-den-Wolken.jpg","sizes":{"thumbnail":{"file":"Max-in-den-Wolken-150x150.jpg","width":150,"height":150,"mime_type":"image\/jpeg","source_url":"http:\/\/www.karen-susan-fessel.de\/wp-content\/uploads\/2011\/04\/Max-in-den-Wolken-150x150.jpg"},"post-thumbnail":{"file":"Max-in-den-Wolken-159x198.jpg","width":159,"height":198,"mime_type":"image\/jpeg","source_url":"http:\/\/www.karen-susan-fessel.de\/wp-content\/uploads\/2011\/04\/Max-in-den-Wolken-159x198.jpg"},"full":{"file":"Max-in-den-Wolken.jpg","width":159,"height":253,"mime_type":"image\/jpeg","source_url":"http:\/\/www.karen-susan-fessel.de\/wp-content\/uploads\/2011\/04\/Max-in-den-Wolken.jpg"}},"image_meta":{"aperture":0,"credit":"","camera":"","caption":"","created_timestamp":0,"copyright":"","focal_length":0,"iso":0,"shutter_speed":0,"title":"","orientation":0}},"post":7,"source_url":"http:\/\/www.karen-susan-fessel.de\/wp-content\/uploads\/2011\/04\/Max-in-den-Wolken.jpg","_links":{"self":[{"href":"http:\/\/www.karen-susan-fessel.de\/index.php\/wp-json\/wp\/v2\/media\/826","targetHints":{"allow":["GET"]}}],"collection":[{"href":"http:\/\/www.karen-susan-fessel.de\/index.php\/wp-json\/wp\/v2\/media"}],"about":[{"href":"http:\/\/www.karen-susan-fessel.de\/index.php\/wp-json\/wp\/v2\/types\/attachment"}],"author":[{"embeddable":true,"href":"http:\/\/www.karen-susan-fessel.de\/index.php\/wp-json\/wp\/v2\/users\/2"}],"replies":[{"embeddable":true,"href":"http:\/\/www.karen-susan-fessel.de\/index.php\/wp-json\/wp\/v2\/comments?post=826"}],"wp:attached-to":[{"embeddable":true,"post_type":"page","id":7,"href":"http:\/\/www.karen-susan-fessel.de\/index.php\/wp-json\/wp\/v2\/pages\/7"}],"curies":[{"name":"wp","href":"https:\/\/api.w.org\/{rel}","templated":true}]}}

<p class="attachment"><a href='http://www.karen-susan-fessel.de/wp-content/uploads/2011/04/Max-in-den-Wolken.jpg'><img loading="lazy" decoding="async" width="159" height="253" src="http://www.karen-susan-fessel.de/wp-content/uploads/2011/04/Max-in-den-Wolken.jpg" class="attachment-medium size-medium" alt="Max in den Wolken (ab 14, Taschenbuchausgabe, BOD 2013)" sizes="auto, 100vw" /></a></p>
<p>Eines Nachts wacht der 16jährige Max auf, weil seine Eltern tierisch laut streiten. Leider nichts Ungewöhnliches in letzter Zeit, aber diesmal klingt es anders &#8230; Max und seine kleine Schwester Mina bleiben vollkommen geschockt im Türrahmen stehen, denn im Wohnzimmer steht ihr Vater, in der Hand eine Pistole, und zielt auf die Mutter &#8230; Ein Schuss fällt, ein Mensch stirbt, und Max macht sich auf die Suche, herauszufinden, warum das passiert ist.<br />
Krimi, Vater-Sohn- und Liebesgeschichte in einem &#8211; und nebenbei ein Buch über die Suche nach männlichen Vorbildern, das viel über die Multi-Kulti-Stadt Berlin erzählt und noch dazu zur Toleranz gegenüber Schwulen auffordert.<br />
Atmosphärisch dicht und spannend bis zur letzten Seite!</p>
<p>BOD 2013, überarbeitete Taschenbuchausgabe, 13,90 €<br />
Auch als E-Book erhältlich!</p>
