{"id":15,"date":"2011-04-01T17:12:46","date_gmt":"2011-04-01T17:12:46","guid":{"rendered":"http:\/\/www.karen-susan-fessel.de\/neu\/?page_id=15"},"modified":"2021-01-11T18:15:34","modified_gmt":"2021-01-11T16:15:34","slug":"coachinglektoratkonzeptionierung","status":"publish","type":"page","link":"http:\/\/www.karen-susan-fessel.de\/index.php\/coachinglektoratkonzeptionierung\/","title":{"rendered":"Lektorat\/Coaching\/Ihre Biografie"},"content":{"rendered":"<p style=\"text-align: center;\"><strong>\u201eIst mein Text gut so?\u201c<\/strong><\/p>\n<p style=\"text-align: center;\"><span style=\"color: #000000;\"><span style=\"font-family: Arial, sans-serif;\"><span style=\"font-size: medium;\">Um eine fundierte Antwort geben zu k\u00f6nnen, bedarf es Zeit und einer gr\u00fcndliche Pr\u00fcfung. Und manchmal braucht es noch mehr \u2013 zum Beispiel ein sorgf\u00e4ltiges Lektorat, das den Text im Hinblick auf Stil und Verst\u00e4ndlichkeit optimiert und in dem ein Korrektorat \u2013<\/span><\/span><\/span><span style=\"color: #000000;\"><span style=\"font-family: Tahoma;\"><span style=\"font-size: medium;\"> die Korrektur von orthografischen, grammatikalischen und syntaktischen Fehlern \u2013 stets mit <\/span><\/span><\/span><span style=\"color: #000000;\"><span style=\"font-family: Arial, sans-serif;\"><span style=\"font-size: medium;\">enthalten ist. Oder aber es ist ein ge\u00e4ndertes Konzept n\u00f6tig.&nbsp;<\/span><\/span><\/span><span style=\"font-size: medium;\">Oder es braucht vielleicht auch, wenn es sich um ein gr\u00f6\u00dferes Vorhaben handelt, eine pers\u00f6nliche Betreuung des Schreibprozesses, ein sogenanntes gut durchdachtes und strukturiertes Schreibcoaching von Beginn an.&nbsp;<\/span><span style=\"font-size: medium;\">Vielleicht w\u00fcnschen Sie sich auch, dass jemand ganz Besonderes Ihre eigene, ganz besondere Geschichte aufschreibt \u2013 im besten Fall sogar Ihre Lieblingsautorin?<\/span><\/p>\n<p style=\"text-align: center;\"><span style=\"color: #000000;\"><span style=\"font-family: Arial, sans-serif;\"><span style=\"font-size: medium;\">Fragen kostet nichts \u2013 nehmen Sie Kontakt auf und erkundigen Sie sich, welches Angebot f\u00fcr Sie in Frage kommt:&nbsp;<\/span><\/span><\/span><a href=\"mailto:lektorat@karen-susan-fessel.de\">lektorat@karen-susan-fessel.de<\/a><\/p>\n<h2><strong><span style=\"font-family: Arial, sans-serif;\"><span style=\"font-size: medium;\"><span style=\"color: #000000;\">Berechnung der<\/span> <span style=\"color: #000000;\">Preise:<\/span><\/span><\/span><\/strong><\/h2>\n<p align=\"LEFT\"><span style=\"color: #000000;\"><span style=\"font-family: Arial, sans-serif;\"><span style=\"font-size: medium;\">Grundlage f\u00fcr die Berechnung ist die Formatierung Ihres Textes nach Normseiten, wobei die Textmenge einer <\/span><\/span><\/span><span style=\"color: #000080;\"><span style=\"text-decoration: underline;\"><a href=\"http:\/\/de.wikipedia.org\/wiki\/Normseite\"><span style=\"font-family: Arial, sans-serif;\"><span style=\"font-size: medium;\">Normseite<\/span><\/span><\/a><\/span><\/span><span style=\"color: #000000;\"><span style=\"font-family: Arial, sans-serif;\"><span style=\"font-size: medium;\">&nbsp;(30 Zeilen \u00e0&nbsp;60 Anschl\u00e4ge) im Schnitt 1.500 Zeichen (mit Leerzeichen) umfasst. Je nach gesamter Textmenge kostet das Lektorat einer <\/span><\/span><\/span><span style=\"color: #000000;\"><span style=\"font-family: Arial, sans-serif;\"><span style=\"font-size: medium;\">Normseite ab 5,25 \u20ac zzgl. 19% MwSt.<\/span><\/span><\/span><\/p>\n<p align=\"LEFT\">&nbsp;<span style=\"color: #000000;\"><span style=\"font-family: Arial, sans-serif;\"><span style=\"font-size: medium;\">Haben Sie mehrere kleine Auftr\u00e4ge oder aber auch eine gr\u00f6\u00dfere Textmenge, so vereinbare ich gern ein g\u00fcnstigeres Pauschalhonorar mit Ihnen, das auf einem Stundensatz von 60 \u20ac zzgl. 19% MwSt. basiert.<\/span><\/span><\/span><\/p>\n<p><span style=\"color: #000000;\"><span style=\"font-family: Arial, sans-serif;\"><span style=\"font-size: medium;\">Die Erstellung von Texten \u2013 z.B. bei einer Begutachtung, Konzeptionierung oder dem Schreiben der eigenen Geschichte durch Karen-Susan Fessel \u2013 wird individuell berechnet, basierend auf einem Stundensatz ab 60 \u20ac zzgl. 7% MwSt. berechnet.<\/span><\/span><\/span><\/p>\n<p>&nbsp;<\/p>\n<p style=\"text-align: center;\"><strong><span style=\"color: #000000;\"><span style=\"font-family: Arial, sans-serif;\"><span style=\"font-size: medium;\"><strong>Begutachtung<\/strong><\/span><\/span><\/span><\/strong><\/p>\n<ul>\n<li><strong><span style=\"color: #000000;\"><span style=\"font-family: Arial, sans-serif;\"><span style=\"font-size: medium;\"><strong>Was ist das?&nbsp;<\/strong><\/span><\/span><\/span><\/strong><span style=\"color: #444444;\"><span style=\"font-family: Arial, sans-serif;\"><span style=\"font-size: medium;\">Eine Begutachtung eines bestehenden Textes ist dann empfehlenswert, wenn der Autor oder die Autorin sich nicht sicher ist, ob der Text gelungen und vielleicht auch f\u00fcr eine Ver\u00f6ffentlichung geeignet ist. Mein durch langj\u00e4hrige T\u00e4tigkeit als Autorin und Dozentin f\u00fcr Schreibseminare geschulter Blick ist zwar immer auch subjektiv gepr\u00e4gt, erkennt aber ganz objektiv nicht nur Fehler und Schw\u00e4chen des Textes, sondern auch seine St\u00e4rken.<\/span><\/span><\/span><\/li>\n<li><strong><span style=\"color: #000000;\"><span style=\"font-family: Arial, sans-serif;\"><span style=\"font-size: medium;\"><strong>Wie geht das?&nbsp;<\/strong><\/span><\/span><\/span><\/strong><span style=\"color: #444444;\"><span style=\"font-family: Arial, sans-serif;\"><span style=\"font-size: medium;\">Sie schicken mir Ihren Text, entweder per Post oder Mailanhang. Ich lese ihn gr\u00fcndlich und erstelle ein mindestens einseitiges schriftliches Gutachten, in dem ich die Schw\u00e4chen und St\u00e4rken des Textes, seiner Konzeption und Struktur benenne und Verbesserungsm\u00f6glichkeiten vorschlage. Konkrete Ratschl\u00e4ge im Hinblick auf geeignete Verlage kann ich leider nicht geben, wohl aber eine Einsch\u00e4tzung, welche Verlags- oder Medienarten geeignet w\u00e4ren.<\/span><\/span><\/span><\/li>\n<li><strong><span style=\"color: #000000;\"><span style=\"font-family: Arial, sans-serif;\"><span style=\"font-size: medium;\"><strong>Was kostet das?&nbsp;<\/strong><\/span><\/span><\/span><\/strong><span style=\"color: #444444;\"><span style=\"font-family: Arial, sans-serif;\"><span style=\"font-size: medium;\">Individuell je nach L\u00e4nge und Schwierigkeitsgrad des Textes berechne ich f\u00fcr das schriftliche Gutachten ein Honorar, das auf einem Stundensatz von 60 \u20ac zzgl. 7% MwSt. basiert. Die Lesezeit wird pauschal zu einem g\u00fcnstigeren Stundensatz von ca. 30 \u20ac zzgl. 19% MwSt. berechnet; aber keine Sorge: Ich lese schnell!<\/span><\/span><\/span><\/li>\n<\/ul>\n<p><strong><span style=\"color: #000000;\"><span style=\"font-family: Arial, sans-serif;\"><span style=\"font-size: medium;\"><strong>Anfragen und weitere Informationen unter: <\/strong><\/span><\/span><\/span><\/strong><span style=\"color: #000080;\"><span style=\"text-decoration: underline;\"><a href=\"mailto:lektorat@karen-susan-fessel.de\"><span style=\"font-family: Arial, sans-serif;\"><span style=\"font-size: medium;\">lektorat@karen-susan-fessel.de<\/span><\/span><\/a><\/span><\/span><\/p>\n<p>&nbsp;<\/p>\n<p style=\"text-align: center;\"><strong><span style=\"color: #000000;\"><span style=\"font-family: Arial, sans-serif;\"><span style=\"font-size: medium;\"><strong>Lektorat<\/strong><\/span><\/span><\/span><\/strong><\/p>\n<ul>\n<li><strong><span style=\"color: #000000;\"><span style=\"font-family: Arial, sans-serif;\"><span style=\"font-size: medium;\"><strong>Was ist das?&nbsp;<\/strong><\/span><\/span><\/span><\/strong><span style=\"color: #444444;\"><span style=\"font-family: Arial, sans-serif;\"><span style=\"font-size: medium;\">Unter einem Lektorat versteht man die sprachliche und inhaltliche \u00dcberarbeitung eines bestehenden Textes. Darin ist ein gr\u00fcndliches Korrektorat enthalten. Das hei\u00dft, hier wird der Text nicht nur auf orthographische, grammatische und syntaktische Fehler hin \u00fcberpr\u00fcft, sondern auch in Hinblick auf Stil, Inhalt, Aufbau und Struktur. Es ist dann empfehlenswert, wenn der Autor oder die Autorin den Text gerne ver\u00f6ffentlichen lassen oder auch selbst ver\u00f6ffentlichen m\u00f6chte. Ein gr\u00fcndliches Lektorat erh\u00f6ht die Lesbarkeit und die Verst\u00e4ndlichkeit des Textes und damit die Chancen einer Ver\u00f6ffentlichung. Die Vorschl\u00e4ge sind unverbindlich, das hei\u00dft: Die letzte Entscheidung verbleibt nat\u00fcrlich bei Ihnen.<\/span><\/span><\/span><\/li>\n<li><strong><span style=\"color: #000000;\"><span style=\"font-family: Arial, sans-serif;\"><span style=\"font-size: medium;\"><strong>Wie geht das?&nbsp;<\/strong><\/span><\/span><\/span><\/strong><span style=\"color: #444444;\"><span style=\"font-family: Arial, sans-serif;\"><span style=\"font-size: medium;\">Sie schicken mir Ihren Text, entweder per Post oder Mailanhang. Ich lese ihn gr\u00fcndlich und lektoriere und korrigiere ihn, entweder\u201eklassisch\u201c auf Papier mit Korrekturzeichen nach DUDEN-Norm oder direkt in die Datei, die Sie mir per eMail-Anhang zukommen lassen. Zur\u00fcck bekommen Sie je nach Wunsch entweder eine ausgedruckte korrigierte Version per Post, eine bereinigte Datei, eine Datei, bei der Sie dank der Funktion \u201e\u00c4nderungen verfolgen\u201c (in Microsoft Word oder aber Open Office) meine Korrekturen per Mausklick annehmen oder ablehnen k\u00f6nnen.<\/span><\/span><\/span><\/li>\n<li><strong><span style=\"color: #000000;\"><span style=\"font-family: Arial, sans-serif;\"><span style=\"font-size: medium;\"><strong>Was kostet das?&nbsp;<\/strong><\/span><\/span><\/span><\/strong><span style=\"color: #444444;\"><span style=\"font-family: Arial, sans-serif;\"><span style=\"font-size: medium;\">Pro Seite\/1500 Zeichen ab 5,25 \u20ac zzgl. MwSt. \u2013&nbsp; oder aber wir vereinbaren ein individuelles Pauschalhonorar, das auf einem Stundensatz ab 60 \u20ac zzgl. MwSt. basiert.<\/span><\/span><\/span><\/li>\n<li><strong><span style=\"color: #000000;\"><span style=\"font-family: Arial, sans-serif;\"><span style=\"font-size: medium;\"><strong>Anfragen und weitere Informationen unter: <\/strong><\/span><\/span><\/span><\/strong><span style=\"color: #000080;\"><span style=\"text-decoration: underline;\"><a href=\"mailto:lektorat@karen-susan-fessel.de\"><span style=\"font-family: Arial, sans-serif;\"><span style=\"font-size: medium;\">lektorat@karen-susan-fessel.de<\/span><\/span><\/a><\/span><\/span><\/li>\n<\/ul>\n<p>&nbsp;<\/p>\n<p style=\"text-align: center;\"><strong><span style=\"color: #000000;\"><span style=\"font-family: Arial, sans-serif;\"><span style=\"font-size: medium;\"><strong>Konzeptionierung<\/strong><\/span><\/span><\/span><\/strong><\/p>\n<ul>\n<li><strong><span style=\"color: #000000;\"><span style=\"font-family: Arial, sans-serif;\"><span style=\"font-size: medium;\"><strong>Was ist das?&nbsp;<\/strong><\/span><\/span><\/span><\/strong><span style=\"color: #444444;\"><span style=\"font-family: Arial, sans-serif;\"><span style=\"font-size: medium;\">Eine Konzeptionierung bedeutet Hilfestellung bei der Themenfindung und Strukturierung eines geplanten Textes, zum Beispiel einer Autobiografie, der Niederschrift des eigenen Lebens, der eigenen Geschichte. Mein besonderes Anliegen ist es hierbei, eine klare Linie in eine manchmal nur bruchst\u00fcckhaft bestehende Idee f\u00fcr einen geplanten Text oder ein angedachtes Buch zu bringen. Mein durch langj\u00e4hrige T\u00e4tigkeit als Autorin und Dozentin f\u00fcr Schreibseminare geschulter Blick ist zwar immer auch subjektiv gepr\u00e4gt, erkennt aber ganz objektiv nicht nur Fehler und Schw\u00e4chen eines Vorhabens, sondern auch seine St\u00e4rken.<\/span><\/span><\/span><\/li>\n<li><strong><span style=\"color: #000000;\"><span style=\"font-family: Arial, sans-serif;\"><span style=\"font-size: medium;\"><strong>Wie geht das?&nbsp;<\/strong><\/span><\/span><\/span><\/strong><span style=\"color: #444444;\"><span style=\"font-family: Arial, sans-serif;\"><span style=\"font-size: medium;\">Sie schicken mir Ihre bisherigen Textausz\u00fcge und Ideenskizzen, entweder per Post oder Mailanhang. Ich lese sie gr\u00fcndlich und erstelle eine mindestens zweiseitige schriftliche Konzeptionierung, in der ich Ihnen einen m\u00f6glichen Textaufbau vorschlage.<\/span><\/span><\/span><\/li>\n<li><strong><span style=\"color: #000000;\"><span style=\"font-family: Arial, sans-serif;\"><span style=\"font-size: medium;\"><strong>Was kostet das?&nbsp;<\/strong><\/span><\/span><\/span><\/strong><span style=\"color: #444444;\"><span style=\"font-family: Arial, sans-serif;\"><span style=\"font-size: medium;\">Individuell je nach Textumfang und Schwierigkeitsgrad berechne ich f\u00fcr die schriftliche Konzeptionierung ein Honorar, das auf einem Stundensatz von 60 \u20ac zzgl. 7% MwSt. basiert.<\/span><\/span><\/span><\/li>\n<li><strong><span style=\"color: #000000;\"><span style=\"font-family: Arial, sans-serif;\"><span style=\"font-size: medium;\"><strong>Anfragen und weitere Informationen unter: <\/strong><\/span><\/span><\/span><\/strong><span style=\"color: #000080;\"><span style=\"text-decoration: underline;\"><a href=\"mailto:lektorat@karen-susan-fessel.de\"><span style=\"font-family: Arial, sans-serif;\"><span style=\"font-size: medium;\">lektorat@karen-susan-fessel.de<\/span><\/span><\/a><\/span><\/span><\/li>\n<\/ul>\n<p>&nbsp;<\/p>\n<p style=\"text-align: center;\"><strong><span style=\"color: #000000;\"><span style=\"font-family: Arial, sans-serif;\"><span style=\"font-size: medium;\"><strong>Pers\u00f6nliches Schreibcoaching<\/strong><\/span><\/span><\/span><\/strong><\/p>\n<ul>\n<li><strong><span style=\"color: #000000;\"><span style=\"font-family: Arial, sans-serif;\"><span style=\"font-size: medium;\"><strong>Was ist das?&nbsp;<\/strong><\/span><\/span><\/span><\/strong><span style=\"color: #444444;\"><span style=\"font-family: Arial, sans-serif;\"><span style=\"font-size: medium;\">Ein Coaching bedeutet eine individuelle Betreuung beim Schreibprozess, angefangen von der Hilfestellung bei der Themenfindung und Strukturierung eines geplanten Textes bis zur Begleitung und ggfs. auch Lektorierung des entstehendes Textes.<\/span><\/span><\/span><\/li>\n<li><strong><span style=\"color: #000000;\"><span style=\"font-family: Arial, sans-serif;\"><span style=\"font-size: medium;\"><strong>Wie geht das?&nbsp;<\/strong><\/span><\/span><\/span><\/strong><span style=\"color: #444444;\"><span style=\"font-family: Arial, sans-serif;\"><span style=\"font-size: medium;\">Sie setzen sich mit mir in Kontakt und schildern mir Ihr Anliegen, und ich melde mich zeitnah bei Ihnen, um N\u00e4heres zu besprechen.<\/span><\/span><\/span><\/li>\n<li><strong><span style=\"color: #000000;\"><span style=\"font-family: Arial, sans-serif;\"><span style=\"font-size: medium;\"><strong>Was kostet das?&nbsp;<\/strong><\/span><\/span><\/span><\/strong><span style=\"color: #444444;\"><span style=\"font-family: Arial, sans-serif;\"><span style=\"font-size: medium;\">Individuell je nach Textumfang und Schwierigkeitsgrad berechne ich f\u00fcr das pers\u00f6nliche Coaching ein Honorar, das auf einem Stundensatz von 60 \u20ac zzgl. MwSt. basiert.<\/span><\/span><\/span><\/li>\n<li><strong><span style=\"color: #000000;\"><span style=\"font-family: Arial, sans-serif;\"><span style=\"font-size: medium;\"><strong>Anfragen und weitere I<\/strong><\/span><\/span><\/span><\/strong><strong><span style=\"color: #000000;\"><span style=\"font-family: Arial, sans-serif;\"><span style=\"font-size: medium;\"><strong>nformationen unter: <\/strong><\/span><\/span><\/span><\/strong><span style=\"color: #000080;\"><span style=\"text-decoration: underline;\"><a href=\"mailto:lektorat@karen-susan-fessel.de\"><span style=\"font-family: Arial, sans-serif;\"><span style=\"font-size: medium;\">lektorat@karen-susan-fessel.de<\/span><\/span><\/a><\/span><\/span><\/li>\n<\/ul>\n<p>&nbsp;<\/p>\n<p style=\"text-align: center;\"><strong><span style=\"font-family: Arial, sans-serif;\"><span style=\"font-size: medium;\"><span style=\"color: #000000;\">Meine Geschichte\/Ihre Biografie&nbsp;<\/span><span style=\"color: #000000;\">\u2013<\/span> <span style=\"color: #000000;\">aufgeschrieben<\/span> <span style=\"color: #000000;\">von Karen-Susan Fessel<\/span><\/span><\/span><\/strong><\/p>\n<ul>\n<li><strong><span style=\"font-family: Arial, sans-serif;\"><span style=\"font-size: medium;\"><span style=\"color: #000000;\">Was ist<\/span> <span style=\"color: #000000;\">das?<\/span><\/span><\/span><\/strong><span style=\"font-family: Arial, sans-serif;\"><span style=\"font-size: medium;\"> Sie m\u00f6chten gern Ihre eigene Geschichte, Ihr Leben, Ihre Biografie aufgeschrieben wissen, f\u00fcr sich selbst, Ihre Kinder, FreundInnen, Verwandten, ganz privat oder aber auch im Hinblick auf eine Ver\u00f6ffentlichung \u2013 Sie trauen es sich aber nicht selbst zu oder haben schlichtweg keine Zeit daf\u00fcr? Und vielleicht m\u00f6chten Sie diese Aufgabe gern in die H\u00e4nde einer erfahrenen Autorin legen, deren Stil Sie sch\u00e4tzen und m\u00f6gen? Dann sind Sie bei mir richtig \u2013 von der Konzeptionierung bis zur Erstellung des druckfertigen Textes \u00fcbernehme ich Ihr Vorhaben \u2013 nat\u00fcrlich in enger Absprache mit Ihnen!<\/span><\/span><\/li>\n<li><strong><span style=\"color: #000000;\"><span style=\"font-family: Arial, sans-serif;\"><span style=\"font-size: medium;\"><strong>Wie geht das?<\/strong><\/span><\/span><\/span><\/strong><span style=\"color: #000000;\"><span style=\"font-family: Arial, sans-serif;\"><span style=\"font-size: medium;\">&nbsp;<\/span><\/span><\/span><span style=\"color: #444444;\"><span style=\"font-family: Arial, sans-serif;\"><span style=\"font-size: medium;\">Sie setzen sich mit mir in Kontakt und schildern mir Ihr Anliegen, und ich melde mich zeitnah bei Ihnen, um N\u00e4heres zu besprechen.<\/span><\/span><\/span><\/li>\n<li><strong><span style=\"color: #000000;\"><span style=\"font-family: Arial, sans-serif;\"><span style=\"font-size: medium;\"><strong>Was kostet das?&nbsp;<\/strong><\/span><\/span><\/span><\/strong><span style=\"color: #444444;\"><span style=\"font-family: Arial, sans-serif;\"><span style=\"font-size: medium;\">Individuell je nach Textumfang und Schwierigkeitsgrad vereinbaren wir f\u00fcr das Schreiben Ihrer Geschichte ein individuelles Pauschalhonorar. <\/span><\/span><\/span><\/li>\n<li><strong><span style=\"color: #000000;\"><span style=\"font-family: Arial, sans-serif;\"><span style=\"font-size: medium;\"><strong>Anfragen und weitere I<\/strong><\/span><\/span><\/span><\/strong><strong><span style=\"color: #000000;\"><span style=\"font-family: Arial, sans-serif;\"><span style=\"font-size: medium;\"><strong>nformationen unter: <\/strong><\/span><\/span><\/span><\/strong><span style=\"color: #000080;\"><span style=\"text-decoration: underline;\"><a href=\"mailto:lektorat@karen-susan-fessel.de\"><span style=\"font-family: Arial, sans-serif;\"><span style=\"font-size: medium;\">lektorat@karen-susan-fessel.de<\/span><\/span><\/a><\/span><\/span><\/li>\n<\/ul>\n<p>&nbsp;<\/p>\n","protected":false},"excerpt":{"rendered":"<p>\u201eIst mein Text gut so?\u201c Um eine fundierte Antwort geben zu k\u00f6nnen, bedarf es Zeit und einer gr\u00fcndliche Pr\u00fcfung. Und manchmal braucht es noch mehr \u2013 zum Beispiel ein sorgf\u00e4ltiges Lektorat, das den Text im Hinblick auf Stil und Verst\u00e4ndlichkeit optimiert und in dem ein Korrektorat \u2013 die Korrektur von orthografischen, grammatikalischen und syntaktischen Fehlern &hellip; <\/p>\n<p class=\"link-more\"><a href=\"http:\/\/www.karen-susan-fessel.de\/index.php\/coachinglektoratkonzeptionierung\/\" class=\"more-link\"><span class=\"screen-reader-text\">\u201eLektorat\/Coaching\/Ihre Biografie\u201c <\/span>weiterlesen<\/a><\/p>\n","protected":false},"author":1,"featured_media":0,"parent":0,"menu_order":4,"comment_status":"closed","ping_status":"open","template":"","meta":{"footnotes":""},"class_list":["post-15","page","type-page","status-publish","hentry"],"_links":{"self":[{"href":"http:\/\/www.karen-susan-fessel.de\/index.php\/wp-json\/wp\/v2\/pages\/15","targetHints":{"allow":["GET"]}}],"collection":[{"href":"http:\/\/www.karen-susan-fessel.de\/index.php\/wp-json\/wp\/v2\/pages"}],"about":[{"href":"http:\/\/www.karen-susan-fessel.de\/index.php\/wp-json\/wp\/v2\/types\/page"}],"author":[{"embeddable":true,"href":"http:\/\/www.karen-susan-fessel.de\/index.php\/wp-json\/wp\/v2\/users\/1"}],"replies":[{"embeddable":true,"href":"http:\/\/www.karen-susan-fessel.de\/index.php\/wp-json\/wp\/v2\/comments?post=15"}],"version-history":[{"count":6,"href":"http:\/\/www.karen-susan-fessel.de\/index.php\/wp-json\/wp\/v2\/pages\/15\/revisions"}],"predecessor-version":[{"id":2354,"href":"http:\/\/www.karen-susan-fessel.de\/index.php\/wp-json\/wp\/v2\/pages\/15\/revisions\/2354"}],"wp:attachment":[{"href":"http:\/\/www.karen-susan-fessel.de\/index.php\/wp-json\/wp\/v2\/media?parent=15"}],"curies":[{"name":"wp","href":"https:\/\/api.w.org\/{rel}","templated":true}]}}