{"id":233,"date":"2011-12-09T23:20:37","date_gmt":"2011-12-09T23:20:37","guid":{"rendered":"http:\/\/www.karen-susan-fessel.de\/?page_id=233"},"modified":"2025-09-23T19:01:51","modified_gmt":"2025-09-23T17:01:51","slug":"onlineshop","status":"publish","type":"page","link":"http:\/\/www.karen-susan-fessel.de\/index.php\/onlineshop\/","title":{"rendered":"Shop"},"content":{"rendered":"<p>Immer wieder nachgefragt werden die Kinder- und Jugendb\u00fccher Karen-Susan Fessels, die in der Originalausgabe beim Verlag Friedrich Oetinger erschienen, inzwischen dort aber nicht mehr neu aufgelegt wurden.<br \/>\nNach und nach werden nun alle diese vergriffenen B\u00fccher in verschiedenen Verlagen neu aufgelegt. Bereits erh\u00e4ltlich: &#8222;Steingesicht&#8220; als Taschenbuchausgabe im Berliner Querverlag, &#8222;Achtung, M\u00e4dchen gesucht!&#8220;, &#8222;Achtung, Jungs unterwegs!&#8220;, \u00a0&#8222;Polarchaoten&#8220; , &#8222;Max in den Wolken&#8220;, &#8222;Und wenn schon!&#8220; und &#8222;Feuer im Kopf&#8220; bei BOD\/Books on demand. Diese B\u00fccher sind auch \u00fcber den regul\u00e4ren Buchhandel beziehbar.<\/p>\n<p><strong>Einzelexemplare der gebundenen Erstausgaben k\u00f6nnen allerdings auch hier bestellt werden &#8211; teilweise auch im Klassensatz, dann auf Anfrage und zu g\u00fcnstigeren Preisen.\u00a0<\/strong><strong>Lieferbare Exemplare:<\/strong><\/p>\n<p>&#8222;<strong>Ein Stern namens Mama<\/strong>&#8222;, ab 10, geb. Ausgabe: 9,90 Euro \/ 14,90 CHF<\/p>\n<p>&#8222;<span style=\"color: #000000;\"><strong>GG &#8211; was ist das?<\/strong><\/span>&#8222;, ab 10, broschierte Ausgabe: 13,90 \u00a0Euro \/ 25,90 CHF<\/p>\n<p><span style=\"font-size: 16px;\">&#8222;<\/span><span style=\"color: #000000;\"><strong>Polarchaoten<\/strong><\/span><span style=\"font-size: 16px;\">&#8222;, ab 12, geb. Ausgabe: 12 \u00a0Euro \/ 22 CHF <\/span><\/p>\n<p>&#8222;<strong>Feuer im Kopf<\/strong>&#8222;, ab 13, geb. Ausgabe: 12,90 Euro \/ 24 CHF<\/p>\n<p>&#8222;<strong>Ausgerechnet du<\/strong>&#8222;, ab 14, geb. Ausgabe: 10,90 Euro \/ 19,70 CHF<\/p>\n<p><strong style=\"font-size: 16px;\">Wir verschicken auch gern signierte Exemplare!<\/strong><\/p>\n<p>Preise jeweils zzgl. Portokosten.<\/p>\n<h2>Bestellungen unter:\u00a0<a href=\"mailto:kontakt@karen-susan-fessel.de\">kontakt@karen-susan-fessel.de<\/a><\/h2>\n<p>&nbsp;<\/p>\n","protected":false},"excerpt":{"rendered":"<p>Immer wieder nachgefragt werden die Kinder- und Jugendb\u00fccher Karen-Susan Fessels, die in der Originalausgabe beim Verlag Friedrich Oetinger erschienen, inzwischen dort aber nicht mehr neu aufgelegt wurden. Nach und nach werden nun alle diese vergriffenen B\u00fccher in verschiedenen Verlagen neu aufgelegt. Bereits erh\u00e4ltlich: &#8222;Steingesicht&#8220; als Taschenbuchausgabe im Berliner Querverlag, &#8222;Achtung, M\u00e4dchen gesucht!&#8220;, &#8222;Achtung, Jungs unterwegs!&#8220;, &hellip; <\/p>\n<p class=\"link-more\"><a href=\"http:\/\/www.karen-susan-fessel.de\/index.php\/onlineshop\/\" class=\"more-link\"><span class=\"screen-reader-text\">\u201eShop\u201c <\/span>weiterlesen<\/a><\/p>\n","protected":false},"author":2,"featured_media":0,"parent":0,"menu_order":0,"comment_status":"open","ping_status":"open","template":"","meta":{"footnotes":""},"class_list":["post-233","page","type-page","status-publish","hentry"],"_links":{"self":[{"href":"http:\/\/www.karen-susan-fessel.de\/index.php\/wp-json\/wp\/v2\/pages\/233","targetHints":{"allow":["GET"]}}],"collection":[{"href":"http:\/\/www.karen-susan-fessel.de\/index.php\/wp-json\/wp\/v2\/pages"}],"about":[{"href":"http:\/\/www.karen-susan-fessel.de\/index.php\/wp-json\/wp\/v2\/types\/page"}],"author":[{"embeddable":true,"href":"http:\/\/www.karen-susan-fessel.de\/index.php\/wp-json\/wp\/v2\/users\/2"}],"replies":[{"embeddable":true,"href":"http:\/\/www.karen-susan-fessel.de\/index.php\/wp-json\/wp\/v2\/comments?post=233"}],"version-history":[{"count":4,"href":"http:\/\/www.karen-susan-fessel.de\/index.php\/wp-json\/wp\/v2\/pages\/233\/revisions"}],"predecessor-version":[{"id":2498,"href":"http:\/\/www.karen-susan-fessel.de\/index.php\/wp-json\/wp\/v2\/pages\/233\/revisions\/2498"}],"wp:attachment":[{"href":"http:\/\/www.karen-susan-fessel.de\/index.php\/wp-json\/wp\/v2\/media?parent=233"}],"curies":[{"name":"wp","href":"https:\/\/api.w.org\/{rel}","templated":true}]}}

<p>Immer wieder nachgefragt werden die Kinder- und Jugendbücher Karen-Susan Fessels, die in der Originalausgabe beim Verlag Friedrich Oetinger erschienen, inzwischen dort aber nicht mehr neu aufgelegt wurden.<br />
Nach und nach werden nun alle diese vergriffenen Bücher in verschiedenen Verlagen neu aufgelegt. Bereits erhältlich: &#8222;Steingesicht&#8220; als Taschenbuchausgabe im Berliner Querverlag, &#8222;Achtung, Mädchen gesucht!&#8220;, &#8222;Achtung, Jungs unterwegs!&#8220;,  &#8222;Polarchaoten&#8220; , &#8222;Max in den Wolken&#8220;, &#8222;Und wenn schon!&#8220; und &#8222;Feuer im Kopf&#8220; bei BOD/Books on demand. Diese Bücher sind auch über den regulären Buchhandel beziehbar.</p>
<p><strong>Einzelexemplare der gebundenen Erstausgaben können allerdings auch hier bestellt werden &#8211; teilweise auch im Klassensatz, dann auf Anfrage und zu günstigeren Preisen. </strong><strong>Lieferbare Exemplare:</strong></p>
<p>&#8222;<strong>Ein Stern namens Mama</strong>&#8222;, ab 10, geb. Ausgabe: 9,90 Euro / 14,90 CHF</p>
<p>&#8222;<span style="color: #000000;"><strong>GG &#8211; was ist das?</strong></span>&#8222;, ab 10, broschierte Ausgabe: 13,90  Euro / 25,90 CHF</p>
<p><span style="font-size: 16px;">&#8222;</span><span style="color: #000000;"><strong>Polarchaoten</strong></span><span style="font-size: 16px;">&#8222;, ab 12, geb. Ausgabe: 12  Euro / 22 CHF </span></p>
<p>&#8222;<strong>Feuer im Kopf</strong>&#8222;, ab 13, geb. Ausgabe: 12,90 Euro / 24 CHF</p>
<p>&#8222;<strong>Ausgerechnet du</strong>&#8222;, ab 14, geb. Ausgabe: 10,90 Euro / 19,70 CHF</p>
<p><strong style="font-size: 16px;">Wir verschicken auch gern signierte Exemplare!</strong></p>
<p>Preise jeweils zzgl. Portokosten.</p>
<h2>Bestellungen unter: <a href="mailto:kontakt@karen-susan-fessel.de">kontakt@karen-susan-fessel.de</a></h2>
<p>&nbsp;</p>

<p>Immer wieder nachgefragt werden die Kinder- und Jugendbücher Karen-Susan Fessels, die in der Originalausgabe beim Verlag Friedrich Oetinger erschienen, inzwischen dort aber nicht mehr neu aufgelegt wurden. Nach und nach werden nun alle diese vergriffenen Bücher in verschiedenen Verlagen neu aufgelegt. Bereits erhältlich: &#8222;Steingesicht&#8220; als Taschenbuchausgabe im Berliner Querverlag, &#8222;Achtung, Mädchen gesucht!&#8220;, &#8222;Achtung, Jungs unterwegs!&#8220;, &hellip; </p>
<p class="link-more"><a href="http://www.karen-susan-fessel.de/index.php/onlineshop/" class="more-link"><span class="screen-reader-text">„Shop“ </span>weiterlesen</a></p>
