{"id":110,"date":"2015-01-07T23:44:19","date_gmt":"2015-01-07T23:44:19","guid":{"rendered":"http:\/\/www.karen-susan-fessel.de\/seminare\/?page_id=110"},"modified":"2025-08-12T10:36:16","modified_gmt":"2025-08-12T10:36:16","slug":"schreibworkshop-biografisches-schreiben","status":"publish","type":"page","link":"https:\/\/www.karen-susan-fessel.de\/seminare\/index.php\/schreibworkshop-biografisches-schreiben\/","title":{"rendered":"Einzel-Schreibworkshop: Deine Geschichte &#8211; dein Leben (er-)z\u00e4hlt!"},"content":{"rendered":"<h2>Deine Geschichte &#8211; dein Leben (er-)z\u00e4hlt!<\/h2>\n<p>Von \u201eDas interessiert doch sowieso niemanden!\u201c bis hin zu \u201eIrgendwann schreibe ich noch mal ein Buch \u00fcber mein Leben\u201c \u2013 so weit reicht die Bandbreite dessen, was viele Menschen\u00a0\u00fcber ihre ganz eigene (Lebens-)Geschichte denken. Dabei hegen viele, wenn auch oft nur insgeheim, den Wunsch, das, was sie erlebt haben, was ihnen geschehen und manchmal auch zugesto\u00dfen ist, sich von der Seele oder einfach mal aufzuschreiben und damit festzuhalten, ob f\u00fcr sich oder f\u00fcr andere: Kinder, Verwandte, Freundinnen, nachfolgende Generationen. Ob nun weitergegebene Kriegstraumata, heitere Kindheitserinnerungen oder verschlungene Lebenswege im Mittelpunkt stehen &#8211; jedes Leben verdient es, erz\u00e4hlt zu werden!<\/p>\n<p>Einen Schritt weiter \u00fcber die Tagebuchaufzeichnung hinauszugehen, lebendige und lesenswerte Texte zu verfassen, in deren Zentrum die eigenen Erfahrungen und Erlebnisse stehen, dazu will dieser Workshop\u00a0anregen. \u00dcber themenspezifische Aufgaben werden Tipps zum Handwerk des Schreibens vermittelt und praktische Hilfestellung gegeben.<\/p>\n<p>Dieser Workshop\u00a0richtet sich an Schreibende\u00a0auch gern (weit) jenseits der Lebensmitte. Auch des Schreibens Unge\u00fcbte sind herzlich willkommen!<\/p>\n<h2>Lerneffekt:<\/h2>\n<p>Biografisches Schreiben geht manchmal an die Substanz und braucht deshalb oft ein wenig mehr Zeit!<\/p>\n<p>W\u00e4hrend der viermonatigen\u00a0Dauer wirst du St\u00fcck f\u00fcr St\u00fcck an das Biografische Schreiben herangef\u00fchrt, zun\u00e4chst mit kleinen Aufgaben, die im Laufe der Zeit immer mehr auf dein pers\u00f6nliches Anliegen hin zugeschnitten werden. Gemeinsam werden wir dich in die Lage versetzen, deine Erfahrungen und Erlebnisse in spannende, gut lesbare und starke Texte zu verwandeln. Vielleicht wird sogar ein ganzes Buch daraus &#8230;<\/p>\n<h2>Ablauf:<\/h2>\n<p>Du schreibst\u00a0in acht aufeinander aufbauenden Lektionen\/Modulen\u00a0\u00fcber verschiedene Themenaspekte, die speziell in deiner Biografie eine Rolle spielen.\u00a0Dazu bekommst du zu\u00a0Beginn des ersten Moduls einen Fragebogen von mir, den du mir im Laufe der ersten Woche wieder zur\u00fcckschickst. Darauf aufbauend, stelle ich dir im folgenden spezielle Schreibaufgaben,\u00a0die du innerhalb von sieben\u00a0Tagen\u00a0erledigst\u00a0und an mich zur\u00fcckschickst. Die n\u00e4chste Aufgabe kommt zusammen mit meinem ausf\u00fchrlichen Feedback &#8211; und praktischen Schreibtipps!<br \/>\nInnerhalb der Laufzeit des Workshops\u00a0hast du selbstverst\u00e4ndlich die M\u00f6glichkeit, Fragen zum Feedback zu stellen &#8211; ich beantworte sie dir gern und nat\u00fcrlich kostenlos, jeweils innerhalb von drei Tagen nach Eingang.<br \/>\nDu willst eine \u00dcbung wiederholen und dabei die richtige Umsetzung meines Feedbacks \u00fcberpr\u00fcfen? Nur zu &#8211; eine Zweitkorrektur ist eingeschlossen und nat\u00fcrlich ebenfalls kostenlos.<\/p>\n<h2>Dauer:<\/h2>\n<p>Dauer acht bis sechzehn Wochen \/ zwei bis vier Monate je nach Absprache; Beginn nach Absprache.<\/p>\n<p>F\u00fcr die Erledigung der jeweiligen Aufgabe solltest du mindestens 60 bis 120 Minuten einplanen, bei Bedarf auch l\u00e4nger.<\/p>\n<p>Solltest du einen vereinbarten Abgabetermin um mehr als eine Woche \u00fcberschreiten, kann der Workshop unter Umst\u00e4nden nicht fortgesetzt werden.<\/p>\n<p>Du brauchst: entweder einen Google-Account, damit wir in Google-Drive gemeinsam an den Texten arbeiten k\u00f6nnen &#8211; oder alternativ schickst du deine Texte als Word-Dateien\u00a0als Mailanhang und bekommst sie zur\u00fcck mit Anmerkungen im eingeschalteten \u00c4nderungen-nachverfolgen-Modus.<\/p>\n<h2>Kosten:<\/h2>\n<p>Der gesamte Workshop kostet 749 \u20ac inkl. 7% MwSt.<\/p>\n<p>Buchung per Email unter <a href=\"mailto:ks.fessel@gmail.com\">ks.fessel@gmail.com<\/a><\/p>\n","protected":false},"excerpt":{"rendered":"<p>Deine Geschichte &#8211; dein Leben (er-)z\u00e4hlt! Von \u201eDas interessiert doch sowieso niemanden!\u201c bis hin zu \u201eIrgendwann schreibe ich noch mal ein Buch \u00fcber mein Leben\u201c \u2013 so weit reicht die Bandbreite dessen, was viele Menschen\u00a0\u00fcber ihre ganz eigene (Lebens-)Geschichte denken. Dabei hegen viele, wenn auch oft nur insgeheim, den Wunsch, das, was sie erlebt haben, [&hellip;]<\/p>\n","protected":false},"author":2,"featured_media":0,"parent":0,"menu_order":0,"comment_status":"open","ping_status":"open","template":"","meta":{"_et_pb_use_builder":"","_et_pb_old_content":"","_et_gb_content_width":"","footnotes":""},"class_list":["post-110","page","type-page","status-publish","hentry"],"_links":{"self":[{"href":"https:\/\/www.karen-susan-fessel.de\/seminare\/index.php\/wp-json\/wp\/v2\/pages\/110","targetHints":{"allow":["GET"]}}],"collection":[{"href":"https:\/\/www.karen-susan-fessel.de\/seminare\/index.php\/wp-json\/wp\/v2\/pages"}],"about":[{"href":"https:\/\/www.karen-susan-fessel.de\/seminare\/index.php\/wp-json\/wp\/v2\/types\/page"}],"author":[{"embeddable":true,"href":"https:\/\/www.karen-susan-fessel.de\/seminare\/index.php\/wp-json\/wp\/v2\/users\/2"}],"replies":[{"embeddable":true,"href":"https:\/\/www.karen-susan-fessel.de\/seminare\/index.php\/wp-json\/wp\/v2\/comments?post=110"}],"version-history":[{"count":37,"href":"https:\/\/www.karen-susan-fessel.de\/seminare\/index.php\/wp-json\/wp\/v2\/pages\/110\/revisions"}],"predecessor-version":[{"id":604,"href":"https:\/\/www.karen-susan-fessel.de\/seminare\/index.php\/wp-json\/wp\/v2\/pages\/110\/revisions\/604"}],"wp:attachment":[{"href":"https:\/\/www.karen-susan-fessel.de\/seminare\/index.php\/wp-json\/wp\/v2\/media?parent=110"}],"curies":[{"name":"wp","href":"https:\/\/api.w.org\/{rel}","templated":true}]}}