{"id":2,"date":"2015-01-04T08:03:21","date_gmt":"2015-01-04T08:03:21","guid":{"rendered":"http:\/\/www.karen-susan-fessel.de\/seminare\/?page_id=2"},"modified":"2025-08-12T10:43:04","modified_gmt":"2025-08-12T10:43:04","slug":"beispiel-seite","status":"publish","type":"page","link":"https:\/\/www.karen-susan-fessel.de\/seminare\/","title":{"rendered":"Willkommen"},"content":{"rendered":"<p>[et_pb_section fb_built=&#8220;1&#8243; inner_shadow=&#8220;on&#8220; fullwidth=&#8220;on&#8220; _builder_version=&#8220;4.27.3&#8243; background_color=&#8220;#f7f7f7&#8243; global_colors_info=&#8220;{}&#8220;][et_pb_fullwidth_header title=&#8220;NEUE JAHRESKURSE 2026&#8243; text_orientation=&#8220;center&#8220; button_one_text=&#8220;JETZT BUCHEN&#8220; button_one_url=&#8220;https:\/\/www.karen-susan-fessel.de\/seminare\/index.php\/neue-jahreskurse-2025\/&#8220; background_overlay_color=&#8220;RGBA(255,255,255,0)&#8220; content_max_width=&#8220;none&#8220; admin_label=&#8220;Teaser Jahreskurse&#8220; _builder_version=&#8220;4.27.3&#8243; background_enable_color=&#8220;off&#8220; background_image=&#8220;https:\/\/www.karen-susan-fessel.de\/seminare\/wp-content\/uploads\/web-Karen_Susan_Fessel_03.jpg&#8220; child_filter_opacity=&#8220;66%&#8220; box_shadow_style_image=&#8220;preset2&#8243; button_one_letter_spacing_hover=&#8220;0&#8243; button_two_letter_spacing_hover=&#8220;0&#8243; global_colors_info=&#8220;{}&#8220; button_one_text_size__hover_enabled=&#8220;off&#8220; button_two_text_size__hover_enabled=&#8220;off&#8220; button_one_text_color__hover_enabled=&#8220;off&#8220; button_two_text_color__hover_enabled=&#8220;off&#8220; button_one_border_width__hover_enabled=&#8220;off&#8220; button_two_border_width__hover_enabled=&#8220;off&#8220; button_one_border_color__hover_enabled=&#8220;off&#8220; button_two_border_color__hover_enabled=&#8220;off&#8220; button_one_border_radius__hover_enabled=&#8220;off&#8220; button_two_border_radius__hover_enabled=&#8220;off&#8220; button_one_letter_spacing__hover_enabled=&#8220;on&#8220; button_one_letter_spacing__hover=&#8220;0&#8243; button_two_letter_spacing__hover_enabled=&#8220;on&#8220; button_two_letter_spacing__hover=&#8220;0&#8243; button_one_bg_color__hover_enabled=&#8220;off&#8220; button_two_bg_color__hover_enabled=&#8220;off&#8220;]<\/p>\n<h1>JAHRES-ONLINESCHREIBWORKSHOPS MIT KAREN-SUSAN FESSEL<\/h1>\n<p>[\/et_pb_fullwidth_header][\/et_pb_section][et_pb_section fb_built=&#8220;1&#8243; _builder_version=&#8220;4.27.3&#8243; background_color=&#8220;#ffffff&#8220; global_colors_info=&#8220;{}&#8220;][et_pb_row column_structure=&#8220;1_4,1_4,1_4,1_4&#8243; _builder_version=&#8220;4.27.3&#8243; background_size=&#8220;initial&#8220; background_position=&#8220;top_left&#8220; background_repeat=&#8220;repeat&#8220; global_colors_info=&#8220;{}&#8220;][et_pb_column type=&#8220;1_4&#8243; _builder_version=&#8220;4.27.3&#8243; custom_padding=&#8220;|||&#8220; global_colors_info=&#8220;{}&#8220; custom_padding__hover=&#8220;|||&#8220;][et_pb_blurb title=&#8220;Kreativ-Quickie: Schreib dich rein!&#8220; url=&#8220;http:\/\/www.karen-susan-fessel.de\/seminare\/index.php\/kreativ-quickie-schreib-dich-rein\/&#8220; image=&#8220;http:\/\/www.karen-susan-fessel.de\/seminare\/wp-content\/uploads\/kreativitaet.jpg&#8220; image_icon_width=&#8220;none&#8220; admin_label=&#8220;Blurb&#8220; _builder_version=&#8220;4.27.3&#8243; background_size=&#8220;initial&#8220; background_position=&#8220;top_left&#8220; background_repeat=&#8220;repeat&#8220; text_orientation=&#8220;center&#8220; hover_enabled=&#8220;0&#8243; image_max_width=&#8220;none&#8220; global_colors_info=&#8220;{}&#8220; sticky_enabled=&#8220;0&#8243;]<\/p>\n<p>Du willst Geschichten\u00a0schreiben \u2013 und vielleicht auch mal ein ganzes Buch? Den inneren Schweinehund \u00fcberwinden und endlich loslegen?<\/p>\n<p>Hier kommt Hilfe: schreib dich rein &#8211; mit dem vierw\u00f6chigen\u00a0Kreativ-Quickie!\u00a0<a title=\"Kreativ-Quickie: Schreib dich rein!\" href=\"http:\/\/www.karen-susan-fessel.de\/seminare\/index.php\/kreativ-quickie-schreib-dich-rein\/\">weiterlesen<\/a><\/p>\n<p>&nbsp;<\/p>\n<p>[\/et_pb_blurb][\/et_pb_column][et_pb_column type=&#8220;1_4&#8243; _builder_version=&#8220;4.16&#8243; custom_padding=&#8220;|||&#8220; global_colors_info=&#8220;{}&#8220; custom_padding__hover=&#8220;|||&#8220;][et_pb_blurb title=&#8220;Einzel-Schreibworkshop: Mein Buch&#8220; url=&#8220;http:\/\/www.karen-susan-fessel.de\/seminare\/index.php\/roman-schreiben\/&#8220; image=&#8220;http:\/\/www.karen-susan-fessel.de\/seminare\/wp-content\/uploads\/buch.jpg&#8220; image_icon_width=&#8220;none&#8220; admin_label=&#8220;Blurb&#8220; _builder_version=&#8220;4.27.3&#8243; background_size=&#8220;initial&#8220; background_position=&#8220;top_left&#8220; background_repeat=&#8220;repeat&#8220; text_orientation=&#8220;center&#8220; hover_enabled=&#8220;0&#8243; image_max_width=&#8220;none&#8220; global_colors_info=&#8220;{}&#8220; sticky_enabled=&#8220;0&#8243;]<\/p>\n<p>Ein eigenes Buch? Die Idee ist schon da, es gibt vielleicht auch schon Text &#8211; aber wie weiter?<\/p>\n<p>Unter fachkundiger Anleitung feilst du deine Buchidee aus, er- und \u00fcberarbeitest dessen Strukur und schreibst k\u00fcrzere Textpassagen zu wichtigen Stellen. <a title=\"Schreibworkshop \u201cMein Buch\u201d\" href=\"http:\/\/www.karen-susan-fessel.de\/seminare\/index.php\/roman-schreiben\/\">weiterlesen<\/a><\/p>\n<p>[\/et_pb_blurb][\/et_pb_column][et_pb_column type=&#8220;1_4&#8243; _builder_version=&#8220;4.16&#8243; custom_padding=&#8220;|||&#8220; global_colors_info=&#8220;{}&#8220; custom_padding__hover=&#8220;|||&#8220;][et_pb_blurb title=&#8220;Einzel-Schreibworkshop: Deine Geschichte &#8211; dein Leben (er-)z\u00e4hlt!&#8220; url=&#8220;http:\/\/www.karen-susan-fessel.de\/seminare\/index.php\/schreibworkshop-biografisches-schreiben\/&#8220; image=&#8220;http:\/\/www.karen-susan-fessel.de\/seminare\/wp-content\/uploads\/2015\/01\/DSC_0415zwei.jpg&#8220; image_icon_width=&#8220;none&#8220; admin_label=&#8220;Blurb&#8220; _builder_version=&#8220;4.27.3&#8243; background_size=&#8220;initial&#8220; background_position=&#8220;top_left&#8220; background_repeat=&#8220;repeat&#8220; text_orientation=&#8220;center&#8220; hover_enabled=&#8220;0&#8243; image_max_width=&#8220;none&#8220; global_colors_info=&#8220;{}&#8220; sticky_enabled=&#8220;0&#8243;]<\/p>\n<p style=\"text-align: center;\">Ob nun weitergegebene Kriegstraumata, Kindheitserinnerungen oder verschlungene Lebenswege im Mittelpunkt stehen &#8211; jedes Leben verdient es, erz\u00e4hlt zu werden!<\/p>\n<p style=\"text-align: center;\">Einen Schritt weiter \u00fcber die Tagebuchaufzeichnung hinausgehen &#8230;\u00a0<a title=\"Schreibworkshop: Biografisches Schreiben\" href=\"http:\/\/www.karen-susan-fessel.de\/seminare\/index.php\/schreibworkshop-biografisches-schreiben\/\">weiterlesen<\/a><\/p>\n<p>[\/et_pb_blurb][\/et_pb_column][et_pb_column type=&#8220;1_4&#8243; _builder_version=&#8220;4.16&#8243; custom_padding=&#8220;|||&#8220; global_colors_info=&#8220;{}&#8220; custom_padding__hover=&#8220;|||&#8220;][et_pb_blurb title=&#8220;Pers\u00f6nliches Schreibcoaching und Lektorat&#8220; url=&#8220;http:\/\/www.karen-susan-fessel.de\/seminare\/index.php\/dein-eigenes-ding-individuelles-schreibcoaching\/&#8220; image=&#8220;http:\/\/www.karen-susan-fessel.de\/seminare\/wp-content\/uploads\/2015\/01\/22.-Februar.jpg&#8220; image_icon_width=&#8220;none&#8220; admin_label=&#8220;Blurb&#8220; _builder_version=&#8220;4.27.3&#8243; background_size=&#8220;initial&#8220; background_position=&#8220;top_left&#8220; background_repeat=&#8220;repeat&#8220; text_orientation=&#8220;center&#8220; hover_enabled=&#8220;0&#8243; image_max_width=&#8220;none&#8220; global_colors_info=&#8220;{}&#8220; sticky_enabled=&#8220;0&#8243;]<\/p>\n<p>Du m\u00f6chtest dein ganz eigenes Ding machen &#8211; einen Roman, eine Biografie, mehrere Texte schreiben, auf deine eigene Art, in deinem eigenem Tempo &#8211; aber du\u00a0brauchst jemanden, der sich auskennt und einfach mal draufguckt?<br \/>Dann bist du hier\u00a0richtig! <a title=\"Dein Ding: Schreibcoaching\" href=\"http:\/\/www.karen-susan-fessel.de\/seminare\/index.php\/dein-eigenes-ding-individuelles-schreibcoaching\/\">weiterlesen<\/a><\/p>\n<p>[\/et_pb_blurb][\/et_pb_column][\/et_pb_row][et_pb_row _builder_version=&#8220;4.27.3&#8243; background_size=&#8220;initial&#8220; background_position=&#8220;top_left&#8220; background_repeat=&#8220;repeat&#8220; hover_enabled=&#8220;0&#8243; global_colors_info=&#8220;{}&#8220; sticky_enabled=&#8220;0&#8243;][et_pb_column type=&#8220;4_4&#8243; _builder_version=&#8220;4.16&#8243; custom_padding=&#8220;|||&#8220; global_colors_info=&#8220;{}&#8220; custom_padding__hover=&#8220;|||&#8220;][et_pb_contact_form email=&#8220;kontakt@karen-susan-fessel.de&#8220; title=&#8220;Kontakt&#8220; custom_message=&#8220;Name: %%Name%%||et_pb_line_break_holder||||et_pb_line_break_holder||E-Mail: %%Email%%||et_pb_line_break_holder||||et_pb_line_break_holder||Nachricht:||et_pb_line_break_holder||||et_pb_line_break_holder||%%Message%%&#8220; success_message=&#8220;Vielen Dank, die Nachricht wurde versendet&#8220; submit_button_text=&#8220;Abschicken&#8220; admin_label=&#8220;Contact Form&#8220; _builder_version=&#8220;4.16&#8243; _unique_id=&#8220;854a857e-34c8-4a99-96ce-347e2a30449c&#8220; global_colors_info=&#8220;{}&#8220;][et_pb_contact_field field_id=&#8220;Name&#8220; field_title=&#8220;Name&#8220; _builder_version=&#8220;4.16&#8243; global_colors_info=&#8220;{}&#8220; button_text_size__hover_enabled=&#8220;off&#8220; button_one_text_size__hover_enabled=&#8220;off&#8220; button_two_text_size__hover_enabled=&#8220;off&#8220; button_text_color__hover_enabled=&#8220;off&#8220; button_one_text_color__hover_enabled=&#8220;off&#8220; button_two_text_color__hover_enabled=&#8220;off&#8220; button_border_width__hover_enabled=&#8220;off&#8220; button_one_border_width__hover_enabled=&#8220;off&#8220; button_two_border_width__hover_enabled=&#8220;off&#8220; button_border_color__hover_enabled=&#8220;off&#8220; button_one_border_color__hover_enabled=&#8220;off&#8220; button_two_border_color__hover_enabled=&#8220;off&#8220; button_border_radius__hover_enabled=&#8220;off&#8220; button_one_border_radius__hover_enabled=&#8220;off&#8220; button_two_border_radius__hover_enabled=&#8220;off&#8220; button_letter_spacing__hover_enabled=&#8220;off&#8220; button_one_letter_spacing__hover_enabled=&#8220;off&#8220; button_two_letter_spacing__hover_enabled=&#8220;off&#8220; button_bg_color__hover_enabled=&#8220;off&#8220; button_one_bg_color__hover_enabled=&#8220;off&#8220; button_two_bg_color__hover_enabled=&#8220;off&#8220;][\/et_pb_contact_field][et_pb_contact_field field_id=&#8220;Email&#8220; field_title=&#8220;E-Mail-Adresse&#8220; field_type=&#8220;email&#8220; _builder_version=&#8220;4.16&#8243; global_colors_info=&#8220;{}&#8220; button_text_size__hover_enabled=&#8220;off&#8220; button_one_text_size__hover_enabled=&#8220;off&#8220; button_two_text_size__hover_enabled=&#8220;off&#8220; button_text_color__hover_enabled=&#8220;off&#8220; button_one_text_color__hover_enabled=&#8220;off&#8220; button_two_text_color__hover_enabled=&#8220;off&#8220; button_border_width__hover_enabled=&#8220;off&#8220; button_one_border_width__hover_enabled=&#8220;off&#8220; button_two_border_width__hover_enabled=&#8220;off&#8220; button_border_color__hover_enabled=&#8220;off&#8220; button_one_border_color__hover_enabled=&#8220;off&#8220; button_two_border_color__hover_enabled=&#8220;off&#8220; button_border_radius__hover_enabled=&#8220;off&#8220; button_one_border_radius__hover_enabled=&#8220;off&#8220; button_two_border_radius__hover_enabled=&#8220;off&#8220; button_letter_spacing__hover_enabled=&#8220;off&#8220; button_one_letter_spacing__hover_enabled=&#8220;off&#8220; button_two_letter_spacing__hover_enabled=&#8220;off&#8220; button_bg_color__hover_enabled=&#8220;off&#8220; button_one_bg_color__hover_enabled=&#8220;off&#8220; button_two_bg_color__hover_enabled=&#8220;off&#8220;][\/et_pb_contact_field][et_pb_contact_field field_id=&#8220;Message&#8220; field_title=&#8220;Nachricht&#8220; field_type=&#8220;text&#8220; fullwidth_field=&#8220;on&#8220; _builder_version=&#8220;4.16&#8243; global_colors_info=&#8220;{}&#8220; button_text_size__hover_enabled=&#8220;off&#8220; button_one_text_size__hover_enabled=&#8220;off&#8220; button_two_text_size__hover_enabled=&#8220;off&#8220; button_text_color__hover_enabled=&#8220;off&#8220; button_one_text_color__hover_enabled=&#8220;off&#8220; button_two_text_color__hover_enabled=&#8220;off&#8220; button_border_width__hover_enabled=&#8220;off&#8220; button_one_border_width__hover_enabled=&#8220;off&#8220; button_two_border_width__hover_enabled=&#8220;off&#8220; button_border_color__hover_enabled=&#8220;off&#8220; button_one_border_color__hover_enabled=&#8220;off&#8220; button_two_border_color__hover_enabled=&#8220;off&#8220; button_border_radius__hover_enabled=&#8220;off&#8220; button_one_border_radius__hover_enabled=&#8220;off&#8220; button_two_border_radius__hover_enabled=&#8220;off&#8220; button_letter_spacing__hover_enabled=&#8220;off&#8220; button_one_letter_spacing__hover_enabled=&#8220;off&#8220; button_two_letter_spacing__hover_enabled=&#8220;off&#8220; button_bg_color__hover_enabled=&#8220;off&#8220; button_one_bg_color__hover_enabled=&#8220;off&#8220; button_two_bg_color__hover_enabled=&#8220;off&#8220;][\/et_pb_contact_field][\/et_pb_contact_form][\/et_pb_column][\/et_pb_row][\/et_pb_section]<\/p>\n","protected":false},"excerpt":{"rendered":"<p>JAHRES-ONLINESCHREIBWORKSHOPS MIT KAREN-SUSAN FESSELDu willst Geschichten\u00a0schreiben \u2013 und vielleicht auch mal ein ganzes Buch? Den inneren Schweinehund \u00fcberwinden und endlich loslegen? Hier kommt Hilfe: schreib dich rein &#8211; mit dem vierw\u00f6chigen\u00a0Kreativ-Quickie!\u00a0weiterlesen &nbsp;Ein eigenes Buch? Die Idee ist schon da, es gibt vielleicht auch schon Text &#8211; aber wie weiter? Unter fachkundiger Anleitung feilst du deine [&hellip;]<\/p>\n","protected":false},"author":1,"featured_media":0,"parent":0,"menu_order":0,"comment_status":"open","ping_status":"open","template":"","meta":{"_et_pb_use_builder":"on","_et_pb_old_content":"<p>Dies ist eine Beispiel-Seite. Sie unterscheidet sich von Beitr\u00e4gen, weil sie stets an der selben Stelle bleibt und (bei den meisten Themes) in der Navigationsleiste angezeigt wird. Die meisten Leute starten mit einer \"\u00dcber uns\"-Seite mit einer Vorstellung f\u00fcr m\u00f6gliche Besucher der Website. Dort k\u00f6nnte zum Beispiel stehen:<\/p><blockquote><p>Hallo! Tags\u00fcber arbeite ich als Fahrradkurier, nachts bin ich ein aufstrebender Schauspieler und dies hier ist mein Blog. Ich lebe in Berlin, habe einen gro\u00dfen Hund namens Jack, mag die Fantastischen Vier\u00a0und ein k\u00fchles Bier.<\/p><\/blockquote><p>Als neuer WordPress-Anwender solltest Du das <a href=\"http:\/\/www.karen-susan-fessel.de\/seminare\/wp-admin\/\">Dashboard<\/a> aufrufen, um diese Seite zu l\u00f6schen und statt dessen eine neue Seite mit deinem eigenen Inhalt hinzuzuf\u00fcgen. Viel Spa\u00df!<\/p>","_et_gb_content_width":"","footnotes":""},"class_list":["post-2","page","type-page","status-publish","hentry"],"_links":{"self":[{"href":"https:\/\/www.karen-susan-fessel.de\/seminare\/index.php\/wp-json\/wp\/v2\/pages\/2","targetHints":{"allow":["GET"]}}],"collection":[{"href":"https:\/\/www.karen-susan-fessel.de\/seminare\/index.php\/wp-json\/wp\/v2\/pages"}],"about":[{"href":"https:\/\/www.karen-susan-fessel.de\/seminare\/index.php\/wp-json\/wp\/v2\/types\/page"}],"author":[{"embeddable":true,"href":"https:\/\/www.karen-susan-fessel.de\/seminare\/index.php\/wp-json\/wp\/v2\/users\/1"}],"replies":[{"embeddable":true,"href":"https:\/\/www.karen-susan-fessel.de\/seminare\/index.php\/wp-json\/wp\/v2\/comments?post=2"}],"version-history":[{"count":103,"href":"https:\/\/www.karen-susan-fessel.de\/seminare\/index.php\/wp-json\/wp\/v2\/pages\/2\/revisions"}],"predecessor-version":[{"id":612,"href":"https:\/\/www.karen-susan-fessel.de\/seminare\/index.php\/wp-json\/wp\/v2\/pages\/2\/revisions\/612"}],"wp:attachment":[{"href":"https:\/\/www.karen-susan-fessel.de\/seminare\/index.php\/wp-json\/wp\/v2\/media?parent=2"}],"curies":[{"name":"wp","href":"https:\/\/api.w.org\/{rel}","templated":true}]}}