{"id":476,"date":"2023-12-31T09:12:38","date_gmt":"2023-12-31T09:12:38","guid":{"rendered":"https:\/\/www.karen-susan-fessel.de\/seminare\/?page_id=476"},"modified":"2025-08-12T10:32:17","modified_gmt":"2025-08-12T10:32:17","slug":"neue-jahreskurse-2025","status":"publish","type":"page","link":"https:\/\/www.karen-susan-fessel.de\/seminare\/index.php\/neue-jahreskurse-2025\/","title":{"rendered":"Neue Jahreskurse 2026: Leg los &#8211; schreib endlich dein Buch! und Biografisches Schreiben"},"content":{"rendered":"<p>[et_pb_section fb_built=&#8220;1&#8243; _builder_version=&#8220;4.23.4&#8243; _module_preset=&#8220;default&#8220; global_colors_info=&#8220;{}&#8220;][et_pb_row column_structure=&#8220;1_2,1_2&#8243; _builder_version=&#8220;4.23.4&#8243; _module_preset=&#8220;default&#8220; animation_style=&#8220;slide&#8220; global_colors_info=&#8220;{}&#8220;][et_pb_column type=&#8220;1_2&#8243; _builder_version=&#8220;4.23.4&#8243; _module_preset=&#8220;default&#8220; global_colors_info=&#8220;{}&#8220;][et_pb_image src=&#8220;https:\/\/www.karen-susan-fessel.de\/seminare\/wp-content\/uploads\/2015\/01\/DSC_0407eins1.jpg&#8220; title_text=&#8220;DSC_0407eins&#8220; src_tablet=&#8220;https:\/\/www.karen-susan-fessel.de\/seminare\/wp-content\/uploads\/2015\/01\/DSC_0407eins1.jpg&#8220; src_phone=&#8220;https:\/\/www.karen-susan-fessel.de\/seminare\/wp-content\/uploads\/2015\/01\/DSC_0407eins1.jpg&#8220; src_last_edited=&#8220;on|desktop&#8220; admin_label=&#8220;leg-los-frau-mit-becher&#8220; _builder_version=&#8220;4.27.3&#8243; _module_preset=&#8220;default&#8220; global_colors_info=&#8220;{}&#8220;][\/et_pb_image][et_pb_text admin_label=&#8220;Tr\u00e4gst du dich&#8230;Kurs 1&#8243; _builder_version=&#8220;4.27.3&#8243; _module_preset=&#8220;default&#8220; text_text_color=&#8220;#968880&#8243; header_2_text_color=&#8220;#968880&#8243; global_colors_info=&#8220;{}&#8220;]<\/p>\n<h2>KURS 1:<br \/>LEG LOS \u2013 SCHREIB ENDLICH DEIN BUCH!<\/h2>\n<p>Tr\u00e4gst du dich schon l\u00e4nger mit dem Gedanken an dein eigenes Buch, aber dir fehlt noch die z\u00fcndende Idee, die Motivation oder der richtige Zeitpunkt? 2026 wird dein Jahr!<br \/>Starte jetzt und verwirkliche dein Buchprojekt! In zehn festen Terminen mit den zentralen Modulen und zwei Einzelcoachings verwirklichst du deinen Traum.<\/p>\n<p>[\/et_pb_text][et_pb_button button_url=&#8220;#kurs1&#8243; button_text=&#8220;MEHR INFOS&#8220; _builder_version=&#8220;4.27.3&#8243; _module_preset=&#8220;default&#8220; custom_button=&#8220;on&#8220; button_text_color=&#8220;#968880&#8243; button_border_color=&#8220;#968880&#8243; global_colors_info=&#8220;{}&#8220;][\/et_pb_button][\/et_pb_column][et_pb_column type=&#8220;1_2&#8243; _builder_version=&#8220;4.23.4&#8243; _module_preset=&#8220;default&#8220; global_colors_info=&#8220;{}&#8220;][et_pb_image src=&#8220;https:\/\/www.karen-susan-fessel.de\/seminare\/wp-content\/uploads\/2015\/01\/DSC_0415zwei.jpg&#8220; title_text=&#8220;DSC_0415zwei&#8220; admin_label=&#8220;Bild schreibende H\u00e4nde&#8220; _builder_version=&#8220;4.27.3&#8243; _module_preset=&#8220;default&#8220; global_colors_info=&#8220;{}&#8220;][\/et_pb_image][et_pb_text admin_label=&#8220;Biografisches Kurs2&#8243; _builder_version=&#8220;4.27.3&#8243; _module_preset=&#8220;default&#8220; text_text_color=&#8220;#968880&#8243; header_2_text_color=&#8220;#968880&#8243; global_colors_info=&#8220;{}&#8220;]<\/p>\n<h2>KURS 2:<br \/>BIOGRAFISCHES SCHREIBEN\u00a0<\/h2>\n<p>Das wolltest du schon lange: dein Leben aufschreiben &#8211;\u00a0 entweder als ganzen Roman oder aber in einzelnen Erz\u00e4hlungen! Im Jahres-Online-Schreibworkshop hast du \u00fcber ein ganzes Jahr hinweg Zeit daf\u00fcr, und das unter einf\u00fchlsamer professioneller Anleitung.\u00a0<br \/>Der Workshop ist offen f\u00fcr alle und bietet dir zehn feste Termine und zwei pers\u00f6nliche Einzelcoachings, um deine Lebensgeschichte neu zu entdecken und aufzuschreiben.\u00a0<\/p>\n<p>[\/et_pb_text][et_pb_button button_url=&#8220;#kurs2&#8243; button_text=&#8220;MEHR INFOS&#8220; _builder_version=&#8220;4.23.4&#8243; _module_preset=&#8220;default&#8220; custom_button=&#8220;on&#8220; button_text_color=&#8220;#968880&#8243; button_border_color=&#8220;#968880&#8243; global_colors_info=&#8220;{}&#8220;][\/et_pb_button][\/et_pb_column][\/et_pb_row][et_pb_row column_structure=&#8220;1_4,3_4&#8243; module_id=&#8220;kurs1&#8243; _builder_version=&#8220;4.23.4&#8243; _module_preset=&#8220;default&#8220; animation_style=&#8220;slide&#8220; collapsed=&#8220;on&#8220; global_colors_info=&#8220;{}&#8220;][et_pb_column type=&#8220;1_4&#8243; _builder_version=&#8220;4.23.4&#8243; _module_preset=&#8220;default&#8220; global_colors_info=&#8220;{}&#8220;][et_pb_image src=&#8220;https:\/\/www.karen-susan-fessel.de\/seminare\/wp-content\/uploads\/leg-los-03.jpg&#8220; title_text=&#8220;leg-los-03&#8243; _builder_version=&#8220;4.23.4&#8243; _module_preset=&#8220;default&#8220; global_colors_info=&#8220;{}&#8220;][\/et_pb_image][\/et_pb_column][et_pb_column type=&#8220;3_4&#8243; _builder_version=&#8220;4.23.4&#8243; _module_preset=&#8220;default&#8220; global_colors_info=&#8220;{}&#8220;][et_pb_text _builder_version=&#8220;4.23.4&#8243; _module_preset=&#8220;default&#8220; text_text_color=&#8220;#968880&#8243; header_2_text_color=&#8220;#968880&#8243; global_colors_info=&#8220;{}&#8220;]<\/p>\n<h2>Kurs 1: LEG LOS- SCHREIB- ENDLICH DEIN BUCH!<\/h2>\n<p>Dein eigenes Buch \u2013 damit tr\u00e4gst du dich schon eine Weile herum, aber irgendwie fehlt dir die z\u00fcndende Idee, die Motivation, der richtige Zeitpunkt?<br \/>Jetzt ist es soweit! 2025 wird dein Jahr \u2013 leg jetzt los und schreib dein Buch!<br \/>Eine grobe Idee hast du schon, vielleicht sogar auch schon einen Plan, es gibt vielleicht auch schon Text \u2013 aber wie weiter? Egal, ob Roman, Sachbuch, eine Textsammlung, ein Gedichtreigen oder eine biografische Erz\u00e4hlung, einige Fragen stehen immer am Anfang: Was muss alles hinein, und womit f\u00e4ngst du an?<\/p>\n<p>Besonders wichtig: die Struktur und der Aufbau, aber auch Erz\u00e4hlzeit- und Perspektive, Handlungsort, die Charaktere und der Sprachduktus. Nicht nur diesen verschiedenen Bereichen werden wir uns in diesem achtteiligen Schreibworkshop widmen.<\/p>\n<p>Unter meiner fachkundigen Anleitung feilst du deine Buchidee aus, er- und \u00fcberarbeitest die Struktur und schreibst k\u00fcrzere Textpassagen zu wichtigen Stellen, die du dann in einer kleinen Gruppe von Gleichgesinnten w\u00e4hrend unserer Online- Sitzungen vorstellen und besprechen. Und in zwei Einzelcoachings mit mir \u2013 Termine nach Absprache \u2013 besprichst du wichtige Details und Fragen.<\/p>\n<p>[\/et_pb_text][\/et_pb_column][\/et_pb_row][et_pb_row admin_label=&#8220;Zeile&#8220; _builder_version=&#8220;4.23.4&#8243; _module_preset=&#8220;default&#8220; collapsed=&#8220;off&#8220; global_colors_info=&#8220;{}&#8220;][et_pb_column type=&#8220;4_4&#8243; _builder_version=&#8220;4.23.4&#8243; _module_preset=&#8220;default&#8220; global_colors_info=&#8220;{}&#8220;][et_pb_text admin_label=&#8220;Kurs 1: wie funktioniert das?&#8220; _builder_version=&#8220;4.27.3&#8243; _module_preset=&#8220;default&#8220; text_text_color=&#8220;#968880&#8243; header_2_text_color=&#8220;#968880&#8243; global_colors_info=&#8220;{}&#8220;]<\/p>\n<h2>Und wie genau funktioniert das?<\/h2>\n<p>Nach deiner Anmeldung und der \u00dcberweisung des Honorars schicke ich dir einen Zoomlink, \u00fcber den du dich an zehn festen Terminen online zu unserem gemeinsamen Workshop einw\u00e4hlst. Gemeinsam werden wir dann unter meiner fachkundigen und gutgelaunten Anleitung das in Arbeit oder Planung befindliche Buchprojekt auf St\u00e4rken und Schw\u00e4chen hin abklopfen und dich in die Lage versetzen, es ein gro\u00dfes St\u00fcck voran-, mindestens aber auf einen guten Weg zu bringen \u2026 vielleicht sogar, es fertigzustellen!<br \/>Dazu geh\u00f6rt auch die Erarbeitung eines aussagekr\u00e4ftigen Expos\u00e9s, mit dem du dein Buch bei einem geeigneten Verlag pr\u00e4sentieren kannst.<\/p>\n<p>In zehn aufeinander aufbauenden und ineinander \u00fcbergreifenden Lektionen\/Modulen bearbeiten wir unter anderem folgende Basiselemente, die bei der gelungenen Umsetzung deiner Buchidee eine wichtige Rolle spielen:<\/p>\n<ul>\n<li>Von der Idee zur Geschichte<\/li>\n<li>Anfang und Ende<\/li>\n<li>Personenentwicklung<\/li>\n<li>Erz\u00e4hlzeit und erz\u00e4hlte Zeit<\/li>\n<li>Perspektive<\/li>\n<li>Aufbau und Struktur<\/li>\n<li>Stilmittel und Sprachduktus<\/li>\n<li>Das Expos\u00e9<\/li>\n<\/ul>\n<h2>Termine:<\/h2>\n<p>Jeweils der <strong>letzte Montag <\/strong><strong>im Monat<\/strong> (au\u00dfer Mai und August), immer von 18.30h bis 20.30h:<br \/>26. Januar, 23. Februar, 30. M\u00e4rz, 27. April, 29. Juni, 27. Juli, 28. September, 26. Oktober, 30. November, 28. Dezember.<\/p>\n<p>Dazu zwei je einst\u00fcndige Einzelcoachings mit mir nach Absprache. Weitere Einzelsitzungen und ein pers\u00f6nliches Lektorat auf Wunsch zus\u00e4tzlich buchbar.<\/p>\n<p>Mindestanzahl TN: 4. Maximale TN-Anzahl: 7.<br \/><strong>Kosten: 799 Euro inkl. 7% MwSt.<\/strong><\/p>\n<p>&nbsp;<\/p>\n<p>Noch irgendwelche Ausreden \u00fcbrig?<br \/>Also los, ran an dein Buch! Ich freue mich auf dich!<\/p>\n<p>Anmeldung unter <a href=\"ks.fessel@gmail.com\">ks.fessel@gmail.com<\/a><\/p>\n<p>&nbsp;<\/p>\n<p>[\/et_pb_text][\/et_pb_column][\/et_pb_row][et_pb_row column_structure=&#8220;2_5,3_5&#8243; module_id=&#8220;kurs2&#8243; _builder_version=&#8220;4.23.4&#8243; _module_preset=&#8220;default&#8220; global_colors_info=&#8220;{}&#8220;][et_pb_column type=&#8220;2_5&#8243; _builder_version=&#8220;4.23.4&#8243; _module_preset=&#8220;default&#8220; global_colors_info=&#8220;{}&#8220;][et_pb_image src=&#8220;https:\/\/www.karen-susan-fessel.de\/seminare\/wp-content\/uploads\/2015\/01\/DSC_0422drei.jpg&#8220; title_text=&#8220;DSC_0422drei&#8220; _builder_version=&#8220;4.27.3&#8243; _module_preset=&#8220;default&#8220; hover_enabled=&#8220;0&#8243; global_colors_info=&#8220;{}&#8220; sticky_enabled=&#8220;0&#8243;][\/et_pb_image][\/et_pb_column][et_pb_column type=&#8220;3_5&#8243; _builder_version=&#8220;4.23.4&#8243; _module_preset=&#8220;default&#8220; global_colors_info=&#8220;{}&#8220;][et_pb_text admin_label=&#8220;Kurs2: Biografisches Schreiben&#8220; _builder_version=&#8220;4.27.3&#8243; _module_preset=&#8220;default&#8220; text_text_color=&#8220;#968880&#8243; header_2_text_color=&#8220;#968880&#8243; custom_margin=&#8220;||-40px|||&#8220; custom_padding=&#8220;||0px|||&#8220; global_colors_info=&#8220;{}&#8220;]<\/p>\n<h2>BIOGRAFISCHES SCHREIBEN\u00a0<\/h2>\n<p>\u201eDas interessiert doch sowieso niemanden!\u201c bis hin zu \u201eIrgendwann schreibe ich noch mal ein Buch \u00fcber mein Leben\u201c \u2013 so weit reicht die Bandbreite dessen, was viele, insbesondere nicht mehr ganz junge Menschen \u00fcber ihre eigene (Lebens-)Geschichte denken.<br \/>Einen Schritt weiter \u00fcber die Tagebuchaufzeichnung hinauszugehen, lebendige und lesenswerte Texte zu verfassen, in deren Zentrum die eigenen Erfahrungen und Erlebnisse stehen, dazu gibt dieser Workshop Gelegenheit.<\/p>\n<p>Vielleicht wird auch ein ganzes Buch draus \u2013 denn du hast ein ganzes Jahr Zeit, dich deiner eigenen Geschichte schreibend zu n\u00e4hern und zu widmen.<br \/>Und nein, keine Angst, du kannst das!<\/p>\n<p>Unter meiner fachkundigen und einf\u00fchlsamen Anleitung er- und \u00fcberarbeitest die k\u00fcrzere und dann auch l\u00e4ngere Texte zu deiner eigenen Lebensgeschichte, die du einer kleinen Gruppe von Gleichgesinnten w\u00e4hrend unserer Online-Sitzungen vorstellen und diskutieren kannst. Und in zwei Einzelcoachings mit mir \u2013 Termine nach Absprache \u2013 besprichst du dir wichtige Details und Fragen.<\/p>\n<p>&nbsp;<\/p>\n<p>[\/et_pb_text][\/et_pb_column][\/et_pb_row][et_pb_row column_structure=&#8220;1_2,1_2&#8243; _builder_version=&#8220;4.23.4&#8243; _module_preset=&#8220;default&#8220; custom_padding=&#8220;22px|||||&#8220; global_colors_info=&#8220;{}&#8220;][et_pb_column type=&#8220;1_2&#8243; _builder_version=&#8220;4.23.4&#8243; _module_preset=&#8220;default&#8220; global_colors_info=&#8220;{}&#8220;][et_pb_image _builder_version=&#8220;4.27.3&#8243; _module_preset=&#8220;default&#8220; alt=&#8220;Schreibworkshop mit Karen-Susan Fessel&#8220; title_text=&#8220;Schreibworkshop mit Karen-Susan Fessel&#8220; src=&#8220;https:\/\/www.karen-susan-fessel.de\/seminare\/wp-content\/uploads\/buch.jpg&#8220; hover_enabled=&#8220;0&#8243; sticky_enabled=&#8220;0&#8243;][\/et_pb_image][\/et_pb_column][et_pb_column type=&#8220;1_2&#8243; _builder_version=&#8220;4.23.4&#8243; _module_preset=&#8220;default&#8220; global_colors_info=&#8220;{}&#8220;][et_pb_text admin_label=&#8220;wie funktioniert Kurs 2&#8243; _builder_version=&#8220;4.27.3&#8243; _module_preset=&#8220;default&#8220; text_text_color=&#8220;#968880&#8243; header_2_text_color=&#8220;#968880&#8243; custom_margin=&#8220;-30px|||||&#8220; custom_padding=&#8220;0px|||0px||&#8220; global_colors_info=&#8220;{}&#8220;]<\/p>\n<h2>Und wie genau funktioniert das?<\/h2>\n<p>Nach deiner Anmeldung und der \u00dcberweisung des Honorars schicke ich dir einen Zoomlink, \u00fcber den du dich an zehn festen Terminen online zu unserem gemeinsamen Workshop einw\u00e4hlst.<\/p>\n<p><strong>Termine:<\/strong><\/p>\n<p>Jeweils der <strong>letzte Mittwoch<\/strong> <strong>im Monat<\/strong> (au\u00dfer Mai und August), immer von 18.30h bis 20.30h.:<br \/>28. Januar, 25. Februar, 25. M\u00e4rz, 29. April, 29. Juni, 29. Juli, 30. September, 28. Oktober, 25. November, 30. Dezember.<\/p>\n<p>Dazu zwei je einst\u00fcndige Einzelcoachings mit mir nach Absprache. Weitere Einzelsitzungen und ein pers\u00f6nliches Lektorat auf Wunsch zus\u00e4tzlich buchbar.<\/p>\n<p>Mindestanzahl TN: 4. Maximale TN-Anzahl: 8.<br \/><strong>Kosten: 799 Euro inkl. 7% MwSt.<\/strong><\/p>\n<p><span style=\"font-size: 14px;\">Also los, ran an deine Geschichte! Ich freue mich auf dich!<\/span><\/p>\n<p>&nbsp;<\/p>\n<p><span style=\"font-size: 14px;\">Anmeldung unter <a href=\"ks.fessel@gmail.com\">ks.fessel@gmail.com<\/a><\/span><\/p>\n<p>&nbsp;<\/p>\n<p>[\/et_pb_text][\/et_pb_column][\/et_pb_row][\/et_pb_section]<\/p>\n","protected":false},"excerpt":{"rendered":"<p>KURS 1:LEG LOS \u2013 SCHREIB ENDLICH DEIN BUCH! Tr\u00e4gst du dich schon l\u00e4nger mit dem Gedanken an dein eigenes Buch, aber dir fehlt noch die z\u00fcndende Idee, die Motivation oder der richtige Zeitpunkt? 2026 wird dein Jahr!Starte jetzt und verwirkliche dein Buchprojekt! In zehn festen Terminen mit den zentralen Modulen und zwei Einzelcoachings verwirklichst du [&hellip;]<\/p>\n","protected":false},"author":1,"featured_media":0,"parent":0,"menu_order":0,"comment_status":"closed","ping_status":"closed","template":"","meta":{"_et_pb_use_builder":"on","_et_pb_old_content":"","_et_gb_content_width":"","footnotes":""},"class_list":["post-476","page","type-page","status-publish","hentry"],"_links":{"self":[{"href":"https:\/\/www.karen-susan-fessel.de\/seminare\/index.php\/wp-json\/wp\/v2\/pages\/476","targetHints":{"allow":["GET"]}}],"collection":[{"href":"https:\/\/www.karen-susan-fessel.de\/seminare\/index.php\/wp-json\/wp\/v2\/pages"}],"about":[{"href":"https:\/\/www.karen-susan-fessel.de\/seminare\/index.php\/wp-json\/wp\/v2\/types\/page"}],"author":[{"embeddable":true,"href":"https:\/\/www.karen-susan-fessel.de\/seminare\/index.php\/wp-json\/wp\/v2\/users\/1"}],"replies":[{"embeddable":true,"href":"https:\/\/www.karen-susan-fessel.de\/seminare\/index.php\/wp-json\/wp\/v2\/comments?post=476"}],"version-history":[{"count":42,"href":"https:\/\/www.karen-susan-fessel.de\/seminare\/index.php\/wp-json\/wp\/v2\/pages\/476\/revisions"}],"predecessor-version":[{"id":599,"href":"https:\/\/www.karen-susan-fessel.de\/seminare\/index.php\/wp-json\/wp\/v2\/pages\/476\/revisions\/599"}],"wp:attachment":[{"href":"https:\/\/www.karen-susan-fessel.de\/seminare\/index.php\/wp-json\/wp\/v2\/media?parent=476"}],"curies":[{"name":"wp","href":"https:\/\/api.w.org\/{rel}","templated":true}]}}