{"id":68,"date":"2015-01-07T15:35:46","date_gmt":"2015-01-07T15:35:46","guid":{"rendered":"http:\/\/www.karen-susan-fessel.de\/seminare\/?page_id=68"},"modified":"2026-03-18T15:56:44","modified_gmt":"2026-03-18T15:56:44","slug":"kreativ-quickie-schreib-dich-rein","status":"publish","type":"page","link":"https:\/\/www.karen-susan-fessel.de\/seminare\/index.php\/kreativ-quickie-schreib-dich-rein\/","title":{"rendered":"Kreativ-Quickie: Schreib dich rein!"},"content":{"rendered":"<h2>Vier Wochen \u2013 acht Aufgaben \u2026 \u00a0jeden Monat neu!<\/h2>\n<p>Schreib dich rein: Du willst kreativ werden? Geschichten\u00a0schreiben \u2013 und vielleicht auch mal ein ganzes Buch? Den inneren Schweinehund \u00fcberwinden und endlich loslegen?<\/p>\n<p>Los geht&#8217;s &#8211; mit dem Kreativ-Quickie!<\/p>\n<p>Du bekommst jede Woche zwei Aufgaben, die du z\u00fcgig bearbeitest und zur\u00fcckschickst \u2013 und postwendend ein professionelles Feedback zur\u00fcck mit hilfreichen Tipps und handwerklichen Anleitungen.<\/p>\n<h2>Lerneffekt:<\/h2>\n<p>Ab jetzt gelten keine Ausreden mehr &#8211; du kommst richtig rein\u00a0ins Schreiben \u2026 und erlernst so ganz nebenbei die Basis-Grundlagen des Schreibhandwerks. Damit ausgestattet, kannst du dich dann entspannt\u00a0an weitere und l\u00e4ngere Texte wagen.<\/p>\n<h2>Ablauf:<\/h2>\n<p>Der Kreativ-Quickie startet jeden Monatsanfang neu! Jeden Montag und Donnerstag (bzw. Dienstag und Freitag) bekommst du eine Schreibaufgabe, die du innerhalb von 48 Stunden erledigst und an mich zur\u00fcckschickst. Die n\u00e4chste Aufgabe kommt zusammen mit meinem ausf\u00fchrlichen Feedback.<br \/>\nSolltest du deine jeweilige Aufgabe mehr als weitere zwei Tage nach den genannten 48 Stunden einschicken, kann eine Weiterf\u00fchrung des Kreativ-Quickies nicht mehr garantiert werden. Innerhalb der Laufzeit deines Kreativ-Quickies hast du selbstverst\u00e4ndlich die M\u00f6glichkeit, Fragen zum Feedback zu stellen &#8211; ich beantworte sie dir gern und nat\u00fcrlich kostenlos, jeweils innerhalb von drei Tagen nach Eingang.<\/p>\n<h2>Dauer:<\/h2>\n<p>Vier Wochen.\u00a0F\u00fcr die Erledigung der jeweiligen Aufgabe solltest du ca. 30 bis 60 Minuten einplanen.<\/p>\n<p>N\u00e4chste Termine: 2. April, 4. Mai, 1. Juni<\/p>\n<p>Du brauchst: entweder einen Google-Account, damit wir in Google-Drive gemeinsam an den Texten arbeiten k\u00f6nnen &#8211; oder alternativ schickst du deine Texte als Word-Dateien\u00a0als Mailanhang und bekommst sie zur\u00fcck mit Anmerkungen im eingeschalteten \u00c4nderungen-nachverfolgen-Modus.<\/p>\n<h2>Kosten:<\/h2>\n<p>249 \u20ac inkl. 19% MwSt.<br \/>\nZahlbar im voraus per Paypal oder \u00dcberweisung; Daten werden bei Buchung \u00fcbermittelt.<\/p>\n<p>Buchung per Email unter <a href=\"mailto:ks.fessel@gmail.com\">ks.fessel@gmail.com<\/a><\/p>\n","protected":false},"excerpt":{"rendered":"<p>Vier Wochen \u2013 acht Aufgaben \u2026 \u00a0jeden Monat neu! Schreib dich rein: Du willst kreativ werden? Geschichten\u00a0schreiben \u2013 und vielleicht auch mal ein ganzes Buch? Den inneren Schweinehund \u00fcberwinden und endlich loslegen? Los geht&#8217;s &#8211; mit dem Kreativ-Quickie! Du bekommst jede Woche zwei Aufgaben, die du z\u00fcgig bearbeitest und zur\u00fcckschickst \u2013 und postwendend ein professionelles [&hellip;]<\/p>\n","protected":false},"author":2,"featured_media":0,"parent":0,"menu_order":0,"comment_status":"open","ping_status":"open","template":"","meta":{"_et_pb_use_builder":"","_et_pb_old_content":"","_et_gb_content_width":"","footnotes":""},"class_list":["post-68","page","type-page","status-publish","hentry"],"_links":{"self":[{"href":"https:\/\/www.karen-susan-fessel.de\/seminare\/index.php\/wp-json\/wp\/v2\/pages\/68","targetHints":{"allow":["GET"]}}],"collection":[{"href":"https:\/\/www.karen-susan-fessel.de\/seminare\/index.php\/wp-json\/wp\/v2\/pages"}],"about":[{"href":"https:\/\/www.karen-susan-fessel.de\/seminare\/index.php\/wp-json\/wp\/v2\/types\/page"}],"author":[{"embeddable":true,"href":"https:\/\/www.karen-susan-fessel.de\/seminare\/index.php\/wp-json\/wp\/v2\/users\/2"}],"replies":[{"embeddable":true,"href":"https:\/\/www.karen-susan-fessel.de\/seminare\/index.php\/wp-json\/wp\/v2\/comments?post=68"}],"version-history":[{"count":55,"href":"https:\/\/www.karen-susan-fessel.de\/seminare\/index.php\/wp-json\/wp\/v2\/pages\/68\/revisions"}],"predecessor-version":[{"id":617,"href":"https:\/\/www.karen-susan-fessel.de\/seminare\/index.php\/wp-json\/wp\/v2\/pages\/68\/revisions\/617"}],"wp:attachment":[{"href":"https:\/\/www.karen-susan-fessel.de\/seminare\/index.php\/wp-json\/wp\/v2\/media?parent=68"}],"curies":[{"name":"wp","href":"https:\/\/api.w.org\/{rel}","templated":true}]}}